{"id":17,"date":"2019-10-25T17:24:42","date_gmt":"2019-10-25T17:24:42","guid":{"rendered":"https:\/\/skks.ch\/Sternenklar\/?page_id=17"},"modified":"2026-01-05T14:36:05","modified_gmt":"2026-01-05T13:36:05","slug":"idee-sternenklar-portrait","status":"publish","type":"page","link":"https:\/\/skks.ch\/sternenklar\/idee-sternenklar-portrait\/","title":{"rendered":"Idee Sternenklar"},"content":{"rendered":"\n<h2 class=\"wp-block-heading\" id=\"portrait-uber-die-idee-sternenklar-kradolf-schonenberg-sternenklar\">Portrait \u00fcber die Idee \u00absternenklar Kradolf-Sch\u00f6nenberg sternenklar\u00bb<\/h2>\n\n\n\n<p>Die Idee&nbsp;<a rel=\"noreferrer noopener\" href=\"https:\/\/www.skks.ch\/\" target=\"_blank\">\u00absternenklar Kradolf-Sch\u00f6nenberg sternenklar\u00bb<\/a>&nbsp;wird mit freiwilligen Spenden von Privatpersonen und Unternehmen finanziert.<\/p>\n\n\n\n<p><\/p>\n\n\n\n<p><strong>Sterne sieht man nicht immer \u2013 aber sie leuchten immer<\/strong><\/p>\n\n\n\n<p><a href=\"https:\/\/sternenklar.ch\/sternenklar\/news-und-events\/\" data-type=\"URL\" data-id=\"https:\/\/sternenklar.ch\/sternenklar\/news-und-events\/\">Sterngucken in Kradolf-Sch\u00f6nenberg<\/a><\/p>\n\n\n\n<p><strong>&nbsp;\u2013 eine besondere Art sich auf Weihnachten einzustimmen<\/strong>.<\/p>\n\n\n\n<p>Jede\/r ist herzlich eingeladen und willkommen.<\/p>\n\n\n\n<p>&nbsp;&nbsp;<br>Seit 1. Dezember 1999 tauchen in der Adventszeit in Kradolf-Sch\u00f6nenberg laufend neue Sterne auf.<br>Ende November 1999 war die Idee aus einer gem\u00fctlichen, vermutlich sternenklaren Runde heraus geboren worden.<br><\/p>\n\n\n\n<p>Aus der ersten Vorlage von Hansj\u00f6rg Fehr konstruierte Kurt Schickli als Sternen-Designer die aussergew\u00f6hnliche Form und Urs Notter brachte die Sterne zum Leuchten. <\/p>\n\n\n\n<p><strong>J\u00e4hrlich treffen sich die Sterngucker am zweiten Mittwoch im Dezember um 19.00 Uhr auf der Klein Rigi Gartenterrasse und halten gemeinsam Ausschau nach Sternen\u2026<\/strong><\/p>\n\n\n\n<p><strong>&#8230;tauschen Ideen aus und lassen sich auf die Weihnachtszeit einstimmen\u2026<\/strong><\/p>\n\n\n\n<p><\/p>\n\n\n\n<p><strong>    <\/strong><\/p>\n\n\n\n<figure class=\"wp-block-table\"><table><tbody><tr><td><strong>1999<\/strong><\/td><td>1. Stern auf der Br\u00fccke<\/td><\/tr><tr><td><strong>2000<\/strong><\/td><td>2. Stern auf dem Klein Rigi<\/td><\/tr><tr><td><strong>2001<\/strong><\/td><td>3. Stern auf dem Sonnenberg in Kradolf<\/td><\/tr><tr><td><strong>2002<\/strong><\/td><td>Die Sterne 4 und 5 leuchten am Dorfeingang in Kradolf<\/td><\/tr><tr><td><strong>2003<\/strong><\/td><td>Dieses Jahr wurde der Pflege der bereits vorhandenen Sternen gewidmet.<\/td><\/tr><tr><td><strong>2004<\/strong><\/td><td>6. Stern beim Wasserreservoir Last.&nbsp;Zus\u00e4tzlich wurde im Auftrag ein etwas&nbsp;kleinerer Stern hergestellt, welcher den Silo der L. Oberholzer AG ziert.<\/td><\/tr><tr><td><strong>2005<\/strong><\/td><td>7. Stern am Waldrand Richtung Buchholz in Kradolf&nbsp;<\/td><\/tr><tr><td><strong>2006<\/strong><\/td><td>Zeit, dass unsere Sterne wieder neu aufpoliert werden<\/td><\/tr><tr><td><strong>2007<\/strong><\/td><td>8. Stern an der Ruhbergstrasse in Kradolf<\/td><\/tr><tr><td><strong>2008<\/strong><\/td><td>10 Jahre sternenklar \u2013 der Sternenhimmel ist komplett<\/td><\/tr><tr><td><\/td><td><\/td><\/tr><tr><td>2009<\/td><td><\/td><\/tr><tr><td><\/td><td><\/td><\/tr><tr><td><strong>2010<\/strong><\/td><td>Auch bei<em> Sternen<\/em> braucht es &#8211; na <em>klar<\/em> &#8211; eine gewisse Pflege jedes Jahr. <br><br>Das Bl\u00e4serensemble 4 for you spielte am 15.12.2010 Weihnachtslieder<\/td><\/tr><tr><td><strong>2011<\/strong><\/td><td>Dieses Jahr wurde der Pflege der bereits vorhandenen Sternen gewidmet. <br><br>Es ist bereits die 13. Ausgabe&nbsp;von&nbsp;<a rel=\"noreferrer noopener\" href=\"https:\/\/www.skks.ch\/\" target=\"_blank\">\u00absternenklar&nbsp;K-S sternenklar\u00bb<\/a>&nbsp;&nbsp;<br>&nbsp; <br>Auftritt &amp; Gestaltung am 14.12.2011 durch Regula Notter (Querfl\u00f6te), Andreas Notter (Trompete), Diana Huser (Klarinette), Markus Schwarz und Richi Sch\u00f6b (beide Euphonium)<\/td><\/tr><tr><td><strong>2012<\/strong><\/td><td><a href=\"https:\/\/shop.sternenklar.ch\/\">Neuer e-Shop f\u00fcr den Kauf von Karten und f\u00fcr Spenden&nbsp;<\/a>(<em>Offline seit 2021<\/em>) und Auftritt von Edith Bernhardsgruetter und Paul Steiner (beide Gesang) am 12.12.2012<\/td><\/tr><tr><td><strong>2013<\/strong><\/td><td>11.12.2013: Panfloetenspiel von Frau Monika Thuerlemann und 9. Stern beim Thurkraftwerk Sch\u00f6nenberg<\/td><\/tr><tr><td><strong>2014<\/strong><\/td><td>10.12.2014: Auftritt von Lea Keller &amp; Yves Sch\u00f6nholzer (von den Thurgauer Jodelspatzen) inkl. Jodel-Rap (<a rel=\"noreferrer noopener\" href=\"https:\/\/www.sternenklar.ch\/\" target=\"_blank\">sternenklar<\/a>&nbsp;Jodelrap Version)&nbsp;<\/td><\/tr><tr><td><strong>2015<\/strong><\/td><td>09.12.2015: Auftritt von Ramona &amp; Seraina Ackermann (musikalische Gestaltung)&nbsp;<\/td><\/tr><tr><td><strong>2016<\/strong><\/td><td>07.12.2016: Auftritt von Bruno (musikalische Gestaltung)&nbsp;<\/td><\/tr><tr><td><strong>2017<\/strong><\/td><td>13.12.2017: Auftritt von Edith Bernhardsgruetter und Paul Steiner (beide Gesang) mit musikalischer Begleitung (musikalische Gestaltung)&nbsp;<\/td><\/tr><tr><td><strong>2018<\/strong><\/td><td>12.12.2018: Auftritt von &#8222;four for you&#8220; (musikalische Gestaltung)&nbsp;<\/td><\/tr><tr><td><strong>2019<\/strong><\/td><td>11.12.2019: Auftritt von Regula und Andy Notter zusammen mit Diana Huser und Markus Schwarz<\/td><\/tr><tr><td><strong>2020<\/strong><\/td><td><em>COVID-19 bedingt leider kein Anlass im 2020. <a href=\"https:\/\/skks.ch\/sternenklar\/news-und-events\/\" data-type=\"URL\" data-id=\"https:\/\/skks.ch\/sternenklar\/news-und-events\/\" target=\"_blank\" rel=\"noreferrer noopener\">21 Jahre Sternenklar<\/a> wird somit im 2021 am 08.12.2021 nachgefeiert.<\/em><\/td><\/tr><tr><td><strong>2021<\/strong><\/td><td> 08.12.2021:  <a href=\"https:\/\/skks.ch\/sternenklar\/sternenklar-adventsanlass-2021\/\" data-type=\"URL\" data-id=\"https:\/\/skks.ch\/sternenklar\/sternenklar-adventsanlass-2021\/\">Panfloetenspiel und Adventsgeschichten von Frau Monika Thuerlemann <\/a>und ihrem Panfl\u00f6ten-Ensemble<\/td><\/tr><tr><td><strong>2022<\/strong><\/td><td> 14.12.2022:  Auftritt vom &#8222;Kids-Ensemble&#8220; unter der Leitung von Karin Nater und Seraina Akermann von der Musikschule Th\u00fcr GmbH<\/td><\/tr><tr><td><strong>2023<\/strong><\/td><td> 13.12.2023: Auftritt vom &#8222;Kids-Ensemble&#8220; unter der Leitung von Karin Nater und Seraina Akermann von der Musikschule Th\u00fcr GmbH<\/td><\/tr><tr><td><strong>2024<\/strong><\/td><td>11.12.2024: Panfl\u00f6tenspiel und besinnliche Adventsgeschichte von Frau Monika Th\u00fcrlemann und Panfl\u00f6ten-Ensemble<\/td><\/tr><tr><td><strong>2025<\/strong><\/td><td>10.12.2025: Auftritt von Musikerin, Frau Katja H\u00e4nggi<\/td><\/tr><tr><td><strong>2026<\/strong><\/td><td>Details folgen im 2026<\/td><\/tr><\/tbody><\/table><\/figure>\n\n\n\n<p>Die Gestaltung des &#8222;Sterngucks&#8220; wird jedes Jahr unter den Sternguckern abgewechselt.<\/p>\n","protected":false},"excerpt":{"rendered":"<p>Portrait \u00fcber die Idee \u00absternenklar Kradolf-Sch\u00f6nenberg sternenklar\u00bb Die Idee&nbsp;\u00absternenklar Kradolf-Sch\u00f6nenberg sternenklar\u00bb&nbsp;wird mit freiwilligen Spenden von Privatpersonen und Unternehmen finanziert. Sterne sieht man nicht immer \u2013 aber sie leuchten immer Sterngucken in Kradolf-Sch\u00f6nenberg &nbsp;\u2013 eine besondere Art sich auf Weihnachten einzustimmen. Jede\/r ist herzlich eingeladen und willkommen. &nbsp;&nbsp;Seit 1. Dezember 1999 tauchen in der Adventszeit in [&hellip;]<\/p>\n","protected":false},"author":1,"featured_media":0,"parent":0,"menu_order":0,"comment_status":"closed","ping_status":"closed","template":"","meta":{"footnotes":""},"class_list":["post-17","page","type-page","status-publish","hentry","post","no-featured-image"],"_links":{"self":[{"href":"https:\/\/skks.ch\/sternenklar\/wp-json\/wp\/v2\/pages\/17","targetHints":{"allow":["GET"]}}],"collection":[{"href":"https:\/\/skks.ch\/sternenklar\/wp-json\/wp\/v2\/pages"}],"about":[{"href":"https:\/\/skks.ch\/sternenklar\/wp-json\/wp\/v2\/types\/page"}],"author":[{"embeddable":true,"href":"https:\/\/skks.ch\/sternenklar\/wp-json\/wp\/v2\/users\/1"}],"replies":[{"embeddable":true,"href":"https:\/\/skks.ch\/sternenklar\/wp-json\/wp\/v2\/comments?post=17"}],"version-history":[{"count":42,"href":"https:\/\/skks.ch\/sternenklar\/wp-json\/wp\/v2\/pages\/17\/revisions"}],"predecessor-version":[{"id":284,"href":"https:\/\/skks.ch\/sternenklar\/wp-json\/wp\/v2\/pages\/17\/revisions\/284"}],"wp:attachment":[{"href":"https:\/\/skks.ch\/sternenklar\/wp-json\/wp\/v2\/media?parent=17"}],"curies":[{"name":"wp","href":"https:\/\/api.w.org\/{rel}","templated":true}]}}

<h2 class="wp-block-heading" id="portrait-uber-die-idee-sternenklar-kradolf-schonenberg-sternenklar">Portrait über die Idee «sternenklar Kradolf-Schönenberg sternenklar»</h2>



<p>Die Idee&nbsp;<a rel="noreferrer noopener" href="https://www.skks.ch/" target="_blank">«sternenklar Kradolf-Schönenberg sternenklar»</a>&nbsp;wird mit freiwilligen Spenden von Privatpersonen und Unternehmen finanziert.</p>



<p></p>



<p><strong>Sterne sieht man nicht immer – aber sie leuchten immer</strong></p>



<p><a href="https://sternenklar.ch/sternenklar/news-und-events/" data-type="URL" data-id="https://sternenklar.ch/sternenklar/news-und-events/">Sterngucken in Kradolf-Schönenberg</a></p>



<p><strong>&nbsp;– eine besondere Art sich auf Weihnachten einzustimmen</strong>.</p>



<p>Jede/r ist herzlich eingeladen und willkommen.</p>



<p>&nbsp;&nbsp;<br>Seit 1. Dezember 1999 tauchen in der Adventszeit in Kradolf-Schönenberg laufend neue Sterne auf.<br>Ende November 1999 war die Idee aus einer gemütlichen, vermutlich sternenklaren Runde heraus geboren worden.<br></p>



<p>Aus der ersten Vorlage von Hansjörg Fehr konstruierte Kurt Schickli als Sternen-Designer die aussergewöhnliche Form und Urs Notter brachte die Sterne zum Leuchten. </p>



<p><strong>Jährlich treffen sich die Sterngucker am zweiten Mittwoch im Dezember um 19.00 Uhr auf der Klein Rigi Gartenterrasse und halten gemeinsam Ausschau nach Sternen…</strong></p>



<p><strong>&#8230;tauschen Ideen aus und lassen sich auf die Weihnachtszeit einstimmen…</strong></p>



<p></p>



<p><strong>    </strong></p>



<figure class="wp-block-table"><table><tbody><tr><td><strong>1999</strong></td><td>1. Stern auf der Brücke</td></tr><tr><td><strong>2000</strong></td><td>2. Stern auf dem Klein Rigi</td></tr><tr><td><strong>2001</strong></td><td>3. Stern auf dem Sonnenberg in Kradolf</td></tr><tr><td><strong>2002</strong></td><td>Die Sterne 4 und 5 leuchten am Dorfeingang in Kradolf</td></tr><tr><td><strong>2003</strong></td><td>Dieses Jahr wurde der Pflege der bereits vorhandenen Sternen gewidmet.</td></tr><tr><td><strong>2004</strong></td><td>6. Stern beim Wasserreservoir Last.&nbsp;Zusätzlich wurde im Auftrag ein etwas&nbsp;kleinerer Stern hergestellt, welcher den Silo der L. Oberholzer AG ziert.</td></tr><tr><td><strong>2005</strong></td><td>7. Stern am Waldrand Richtung Buchholz in Kradolf&nbsp;</td></tr><tr><td><strong>2006</strong></td><td>Zeit, dass unsere Sterne wieder neu aufpoliert werden</td></tr><tr><td><strong>2007</strong></td><td>8. Stern an der Ruhbergstrasse in Kradolf</td></tr><tr><td><strong>2008</strong></td><td>10 Jahre sternenklar – der Sternenhimmel ist komplett</td></tr><tr><td></td><td></td></tr><tr><td>2009</td><td></td></tr><tr><td></td><td></td></tr><tr><td><strong>2010</strong></td><td>Auch bei<em> Sternen</em> braucht es &#8211; na <em>klar</em> &#8211; eine gewisse Pflege jedes Jahr. <br><br>Das Bläserensemble 4 for you spielte am 15.12.2010 Weihnachtslieder</td></tr><tr><td><strong>2011</strong></td><td>Dieses Jahr wurde der Pflege der bereits vorhandenen Sternen gewidmet. <br><br>Es ist bereits die 13. Ausgabe&nbsp;von&nbsp;<a rel="noreferrer noopener" href="https://www.skks.ch/" target="_blank">«sternenklar&nbsp;K-S sternenklar»</a>&nbsp;&nbsp;<br>&nbsp; <br>Auftritt &amp; Gestaltung am 14.12.2011 durch Regula Notter (Querflöte), Andreas Notter (Trompete), Diana Huser (Klarinette), Markus Schwarz und Richi Schöb (beide Euphonium)</td></tr><tr><td><strong>2012</strong></td><td><a href="https://shop.sternenklar.ch/">Neuer e-Shop für den Kauf von Karten und für Spenden&nbsp;</a>(<em>Offline seit 2021</em>) und Auftritt von Edith Bernhardsgruetter und Paul Steiner (beide Gesang) am 12.12.2012</td></tr><tr><td><strong>2013</strong></td><td>11.12.2013: Panfloetenspiel von Frau Monika Thuerlemann und 9. Stern beim Thurkraftwerk Schönenberg</td></tr><tr><td><strong>2014</strong></td><td>10.12.2014: Auftritt von Lea Keller &amp; Yves Schönholzer (von den Thurgauer Jodelspatzen) inkl. Jodel-Rap (<a rel="noreferrer noopener" href="https://www.sternenklar.ch/" target="_blank">sternenklar</a>&nbsp;Jodelrap Version)&nbsp;</td></tr><tr><td><strong>2015</strong></td><td>09.12.2015: Auftritt von Ramona &amp; Seraina Ackermann (musikalische Gestaltung)&nbsp;</td></tr><tr><td><strong>2016</strong></td><td>07.12.2016: Auftritt von Bruno (musikalische Gestaltung)&nbsp;</td></tr><tr><td><strong>2017</strong></td><td>13.12.2017: Auftritt von Edith Bernhardsgruetter und Paul Steiner (beide Gesang) mit musikalischer Begleitung (musikalische Gestaltung)&nbsp;</td></tr><tr><td><strong>2018</strong></td><td>12.12.2018: Auftritt von &#8222;four for you&#8220; (musikalische Gestaltung)&nbsp;</td></tr><tr><td><strong>2019</strong></td><td>11.12.2019: Auftritt von Regula und Andy Notter zusammen mit Diana Huser und Markus Schwarz</td></tr><tr><td><strong>2020</strong></td><td><em>COVID-19 bedingt leider kein Anlass im 2020. <a href="https://skks.ch/sternenklar/news-und-events/" data-type="URL" data-id="https://skks.ch/sternenklar/news-und-events/" target="_blank" rel="noreferrer noopener">21 Jahre Sternenklar</a> wird somit im 2021 am 08.12.2021 nachgefeiert.</em></td></tr><tr><td><strong>2021</strong></td><td> 08.12.2021:  <a href="https://skks.ch/sternenklar/sternenklar-adventsanlass-2021/" data-type="URL" data-id="https://skks.ch/sternenklar/sternenklar-adventsanlass-2021/">Panfloetenspiel und Adventsgeschichten von Frau Monika Thuerlemann </a>und ihrem Panflöten-Ensemble</td></tr><tr><td><strong>2022</strong></td><td> 14.12.2022:  Auftritt vom &#8222;Kids-Ensemble&#8220; unter der Leitung von Karin Nater und Seraina Akermann von der Musikschule Thür GmbH</td></tr><tr><td><strong>2023</strong></td><td> 13.12.2023: Auftritt vom &#8222;Kids-Ensemble&#8220; unter der Leitung von Karin Nater und Seraina Akermann von der Musikschule Thür GmbH</td></tr><tr><td><strong>2024</strong></td><td>11.12.2024: Panflötenspiel und besinnliche Adventsgeschichte von Frau Monika Thürlemann und Panflöten-Ensemble</td></tr><tr><td><strong>2025</strong></td><td>10.12.2025: Auftritt von Musikerin, Frau Katja Hänggi</td></tr><tr><td><strong>2026</strong></td><td>Details folgen im 2026</td></tr></tbody></table></figure>



<p>Die Gestaltung des &#8222;Sterngucks&#8220; wird jedes Jahr unter den Sternguckern abgewechselt.</p>

<p>Portrait über die Idee «sternenklar Kradolf-Schönenberg sternenklar» Die Idee&nbsp;«sternenklar Kradolf-Schönenberg sternenklar»&nbsp;wird mit freiwilligen Spenden von Privatpersonen und Unternehmen finanziert. Sterne sieht man nicht immer – aber sie leuchten immer Sterngucken in Kradolf-Schönenberg &nbsp;– eine besondere Art sich auf Weihnachten einzustimmen. Jede/r ist herzlich eingeladen und willkommen. &nbsp;&nbsp;Seit 1. Dezember 1999 tauchen in der Adventszeit in [&hellip;]</p>
