{"id":42,"date":"2019-10-31T21:04:10","date_gmt":"2019-10-31T21:04:10","guid":{"rendered":"https:\/\/skks.ch\/Sternenklar\/?page_id=42"},"modified":"2022-11-21T15:15:39","modified_gmt":"2022-11-21T14:15:39","slug":"impressum","status":"publish","type":"page","link":"https:\/\/skks.ch\/sternenklar\/kontakt-mit-verein-sternenklar\/impressum\/","title":{"rendered":"Impressum"},"content":{"rendered":"\n<p><strong>Domaininhaber<\/strong>&nbsp;www.sternenklar.ch &amp; www.skks.ch<\/p>\n\n\n\n<p>Verein&nbsp;<a href=\"http:\/\/sternenklar.ch\" target=\"_blank\" rel=\"noreferrer noopener\">Sternenklar<\/a><br>9215 Sch\u00f6nenberg an der Thur<\/p>\n\n\n\n<p><strong>Redaktion der Inhalte<\/strong> &amp; Herausgeber:<\/p>\n\n\n\n<p>Verein Sternenklar<br>9215 Sch\u00f6nenberg an der Thur<\/p>\n\n\n\n<p>Webshop war fr\u00fcher unter&nbsp;https:\/\/sternenklar.ch\/ <a rel=\"noreferrer noopener\" aria-label=\"webshop (\u00f6ffnet in neuem Tab)\" href=\"https:\/\/e-commerceagentur.ch\/online-shops\/\" target=\"_blank\">web<\/a><a href=\"https:\/\/e-commerceagentur.ch\/online-shops\/\" target=\"_blank\" rel=\"noreferrer noopener\" aria-label=\"webshop (\u00f6ffnet in neuem Tab)\">&#8211;<\/a><a rel=\"noreferrer noopener\" aria-label=\"webshop (\u00f6ffnet in neuem Tab)\" href=\"https:\/\/e-commerceagentur.ch\/online-shops\/\" target=\"_blank\">shop<\/a>\/<\/p>\n\n\n\n<p><strong>Technische Umsetzung &amp; Sponsoring&nbsp;<a rel=\"noreferrer noopener\" href=\"http:\/\/e-commerceagentur.ch\/online-shops\/\" target=\"_blank\">Webshop<\/a>&nbsp;sowie&nbsp;<a rel=\"noreferrer noopener\" href=\"http:\/\/suchmaschinenoptimierung.e-commerceagentur.ch\" target=\"_blank\">SEO Suchmaschinenoptimierung im Thurgau<\/a><\/strong><\/p>\n\n\n\n<p><a href=\"https:\/\/qdata.info\/hosting\/\">Webhosting Schweiz<\/a><\/p>\n\n\n\n<p><a rel=\"noreferrer noopener\" href=\"https:\/\/qdata.info\/\" data-type=\"URL\" data-id=\"https:\/\/qdata.info\/\" target=\"_blank\">QDATA GmbH<\/a><br>Schweizer <a rel=\"noreferrer noopener\" href=\"http:\/\/e-commerceagentur.ch\" target=\"_blank\">E Commerce Agentur<\/a> &amp; <a href=\"https:\/\/qdata.info\/hosting\/shop\" data-type=\"URL\" data-id=\"https:\/\/qdata.info\/hosting\/shop\">Hosting Provider Schweiz<\/a><br>9215 Sch\u00f6nenberg an der Thur<\/p>\n\n\n\n<p>www.QData.swiss<\/p>\n\n\n\n<h5 class=\"wp-block-heading\">Sponsoring <a rel=\"noreferrer noopener\" href=\"https:\/\/qdata.info\/internetagentur\/\" data-type=\"URL\" data-id=\"https:\/\/qdata.info\/internetagentur\/\" target=\"_blank\">Website<\/a> \/ Realisation:&nbsp;<a rel=\"noreferrer noopener\" href=\"https:\/\/www.qdata.info\/\" target=\"_blank\">QDATA<\/a>&nbsp;<a rel=\"noreferrer noopener\" href=\"https:\/\/qdata.info\/marketingagentur\" target=\"_blank\">Marketing Agentur<\/a>&nbsp;&amp;&nbsp;<a rel=\"noreferrer noopener\" href=\"https:\/\/www.qdata.info\/internetagentur\" target=\"_blank\">Internetagentur<\/a>&nbsp;\u2013 www.qdatagmbh.ch<\/h5>\n\n\n\n<p><a href=\"https:\/\/qdata.info\/hosting\/\">Schweizer Webhosting<\/a><\/p>\n\n\n\n<p><a rel=\"noreferrer noopener\" href=\"https:\/\/e-commerceagentur.ch\" target=\"_blank\">E-Commerce Agentur<\/a>&nbsp; | <a rel=\"noreferrer noopener\" href=\"https:\/\/e-commerceagentur.ch\/online-marketing\/\" target=\"_blank\">Online Marketing Agentur<\/a>&nbsp;&amp;&nbsp;<a rel=\"noreferrer noopener\" href=\"https:\/\/e-commerceagentur.ch\/social-media-marketing\/\" target=\"_blank\">Social Media Marketing Agentur<\/a>&nbsp;CH-9215 Sch\u00f6nenberg an der Thur<br><a rel=\"noreferrer noopener\" href=\"http:\/\/www.qdatagmbh.ch\" target=\"_blank\">www.qdatagmbh.ch<\/a>&nbsp;| <a rel=\"noreferrer noopener\" href=\"https:\/\/qdata.info\" target=\"_blank\">www.qdata.info<\/a>&nbsp;| <a href=\"https:\/\/ecommerceagentur.ch\" data-type=\"URL\" data-id=\"https:\/\/ecommerceagentur.ch\" target=\"_blank\" rel=\"noreferrer noopener\">eCommerce Agentur<\/a><\/p>\n\n\n\n<p>|&nbsp;<a href=\"http:\/\/www.e-commerceagentur.ch\/online-shops\/\">Webshop L\u00f6sungen<\/a>&nbsp;von&nbsp;<a href=\"http:\/\/e-commerceagentur.ch\/\">Schweizer E-Commerce Agentur<\/a> und <a href=\"https:\/\/qdata.info\/hosting\/\">Webhosting Schweiz<\/a> bzw. Schweizer <a href=\"https:\/\/qdata.info\/hosting\/\">Webhosting<\/a><\/p>\n\n\n\n<p><strong>Datenschutzerkl\u00e4rung<br><\/strong>Der Schutz der Privatsph\u00e4re ist uns ein wichtiges Anliegen. Folgende Punkte der nachfolgenden Datenschutzerkl\u00e4rung (Privacy Policy) gibt es zu beachten.<\/p>\n\n\n\n<p><strong>Externe Links<br><\/strong>Alle Links auf externe Seiten wurden von uns bei Erstellung der Seite sorgf\u00e4ltig gepr\u00fcft. M\u00f6gliche Rechtsverst\u00f6sse waren zum Zeitpunkt der Verlinkung nicht erkennbar. Allerdings haben wir keinen Einfluss auf die Inhalte verlinkter Seiten, hierf\u00fcr ist der jeweilige Dienstanbieter verantwortlich. Sollten rechtswidrige Seiten \u00fcber die Hyperlinks abrufbar sein, bitten wir um eine Mitteilung.<\/p>\n\n\n\n<p>Wir werden dies \u00fcberpr\u00fcfen und die Links ggf. Entfernen.<\/p>\n\n\n\n<p><strong>Verwendung von Informationen<br><\/strong>Grunds\u00e4tzlich k\u00f6nnen Sie unsere Webseite besuchen, ohne dass Sie Angaben zu Ihrer Person machen m\u00fcssen. Einzig unpers\u00f6nliche Nutzungsdaten wie Ihre IP-Adresse, die zuletzt besuchte Seite, der verwendete Browser, Datum, Uhrzeit etc. werden zwecks Erkennung von Trends und zur Verbesserung unseres Online-Angebotes anonymisiert und intern ausgewertet. Daraus werden keine R\u00fcckschl\u00fcsse auf Ihre Person gezogen. Bei der IP-Adresse wird zum Schutz Ihrer Privatsph\u00e4re das letzte IP-Oktett durch die&nbsp;<a href=\"https:\/\/developers.google.com\/analytics\/devguides\/collection\/gajs\/methods\/gaJSApi_gat?hl=de-de#_gat._anonymizeIp\">Google Analytics Funktion \u201c_anonymizeIp()\u201d<\/a>&nbsp;anonymisiert.<\/p>\n\n\n\n<p>Sie k\u00f6nnen die Erfassung durch Google Analytics verhindern, indem Sie auf folgenden Link klicken. Es wird ein Opt-Out-Cookie gesetzt, das die zuk\u00fcnftige Erfassung Ihrer Daten beim Besuch dieser Website verhindert:<br><a>Google Analytics deaktivieren<\/a><\/p>\n\n\n\n<p>Wir nutzen Google Analytics zudem dazu, <a href=\"https:\/\/e-commerceagentur.ch\/seo-suchmaschinenoptimierung\" data-type=\"URL\" data-id=\"https:\/\/e-commerceagentur.ch\/seo-suchmaschinenoptimierung\">Daten aus AdWords<\/a> und dem Double-Click-Cookie zu statistischen Zwecken auszuwerten. Sollten Sie dies nicht w\u00fcnschen, k\u00f6nnen Sie dies \u00fcber den Anzeigenvorgaben-Manager (<a href=\"http:\/\/www.google.com\/settings\/ads\/onweb\/?hl=de\">http:\/\/www.google.com\/settings\/ads\/onweb\/?hl=de<\/a>) deaktivieren.<\/p>\n\n\n\n<p><strong>Keine Weitergabe von Informationen<br><\/strong>Die oben genannten Daten werden weder verkauft noch mit Dritten geteilt. Ausnahmen: Externe Dienstleister, die in unserem Auftrag die hierf\u00fcr zwingend notwendigen Daten verarbeiten. Es handelt sich hierbei im Speziellen um folgende Dienstleister:<\/p>\n\n\n\n<p>\u2022&nbsp;Google Inc. (Google Analytics, Zugriffsstatistiken)<\/p>\n\n\n\n<p>Es ist gem\u00e4ss den Privacy Policies der genannten Anbieter gew\u00e4hrleistet, dass diese die Anforderungen des Datenschutzes und der Datensicherheit einhalten.<\/p>\n\n\n\n<p>Ebenfalls gelten die zus\u00e4tzlichen&nbsp;<a href=\"http:\/\/www.google.ch\/intl\/de\/policies\/terms\/regional.html\">Nutzungsbedingungen von Google<\/a>, welche durch den Einsatz von Google Analytics auf dieser Website entstehen:<\/p>\n\n\n\n<p>\u201eDiese Website benutzt Google Analytics, einen Webanalysedienst der Google Inc. (\u201eGoogle\u201c) Google Analytics verwendet sog. \u201eCookies\u201c, Textdateien, die auf Ihrem Computer gespeichert werden und die eine Analyse der Benutzung der Website durch Sie erm\u00f6glicht. Die durch den Cookie erzeugten Informationen \u00fcber Ihre Benutzung diese Website (einschlie\u00dflich Ihrer IP-Adresse) wird an einen Server von Google in den USA \u00fcbertragen und dort gespeichert. Google wird diese Informationen benutzen, um Ihre Nutzung der Website auszuwerten, um Reports \u00fcber die Websiteaktivit\u00e4ten f\u00fcr die Websitebetreiber zusammenzustellen und um weitere mit der Websitenutzung und der Internetnutzung verbundene Dienstleistungen zu erbringen. Auch wird Google diese Informationen gegebenenfalls an Dritte \u00fcbertragen, sofern dies gesetzlich vorgeschrieben oder soweit Dritte diese Daten im Auftrag von Google verarbeiten. Google wird in keinem Fall Ihre IP-Adresse mit anderen Daten der Google in Verbindung bringen. Sie k\u00f6nnen die Installation der Cookies durch eine entsprechende Einstellung Ihrer Browser Software verhindern; wir weisen Sie jedoch darauf hin, dass Sie in diesem Fall gegebenenfalls nicht s\u00e4mtliche Funktionen dieser Website voll umf\u00e4nglich nutzen k\u00f6nnen. Durch die Nutzung dieser Website erkl\u00e4ren Sie sich mit der Bearbeitung der \u00fcber Sie erhobenen Daten durch Google in der zuvor beschriebenen Art und Weise und zu dem zuvor benannten Zweck einverstanden.\u201c<\/p>\n\n\n\n<p><strong>Cookies<br><\/strong>In bestimmten F\u00e4llen werden so genannte Cookies eingesetzt (siehe <a href=\"https:\/\/e-commerceagentur.ch\/seo-suchmaschinenoptimierung\" data-type=\"URL\" data-id=\"https:\/\/e-commerceagentur.ch\/seo-suchmaschinenoptimierung\" target=\"_blank\" rel=\"noreferrer noopener\">Google Analytics<\/a> &amp; <a href=\"https:\/\/e-commerceagentur.ch\/seo-suchmaschinenoptimierung\" data-type=\"URL\" data-id=\"https:\/\/e-commerceagentur.ch\/seo-suchmaschinenoptimierung\" target=\"_blank\" rel=\"noreferrer noopener\">Google AdWords<\/a>). Der Browser kann so eingestellt werden, dass vor dem Speichern eines Cookies eine Warnung am Bildschirm erscheint. Ebenfalls kann auf die Vorteile von pers\u00f6nlichen Cookies verzichtet werden. Bestimmte Dienstleistungen k\u00f6nnen in diesem Fall nicht genutzt werden.<\/p>\n\n\n\n<p><strong>Verwendung von <a href=\"https:\/\/e-commerceagentur.ch\/social-media-marketing\/\" data-type=\"URL\" data-id=\"https:\/\/e-commerceagentur.ch\/social-media-marketing\/\" target=\"_blank\" rel=\"noreferrer noopener\">Facebook Social Plugins<\/a><br><\/strong>Diese Website verwendet Social Plugins (\u201cPlugins\u201d) des sozialen Netzwerkes facebook.com, welches von der Facebook Inc., 1601 S. California Ave, Palo Alto, CA 94304, USA betrieben wird (\u201cFacebook\u201d). Die Plugins sind mit einem Facebook Logo oder dem Zusatz \u201cFacebook Social Plugin\u201d gekennzeichnet.<\/p>\n\n\n\n<p>Wenn eine Seite dieser Website aufgerufen wird, die ein solches Plugin enth\u00e4lt, baut der Browser eine direkte Verbindung mit den Servern von Facebook auf. Der Inhalt des Plugins wird von Facebook direkt an den Browser \u00fcbermittelt und von diesem in die Webseite eingebunden.<\/p>\n\n\n\n<p>Durch die Einbindung der Plugins erh\u00e4lt Facebook die Information, dass die entsprechende Seite unseres Internetauftritts aufgerufen wurde. Ist man bei Facebook eingeloggt kann Facebook den Besuch Ihrem Facebook-Konto zuordnen. Wenn Sie mit den Plugins interagieren, zum Beispiel den \u201cGef\u00e4llt mir\u201d Button bet\u00e4tigen oder einen Kommentar abgeben, wird die entsprechende Information vom Browser direkt an Facebook \u00fcbermittelt und dort gespeichert.<\/p>\n\n\n\n<p>Zweck und Umfang der Datenerhebung und die weitere Verarbeitung und Nutzung der Daten durch Facebook, sowie Ihre diesbez\u00fcglichen Rechte und Einstellungsm\u00f6glichkeiten zum Schutz Ihrer Privatsph\u00e4re, k\u00f6nnen Sie den Datenschutzhinweisen von Facebook entnehmen.<\/p>\n\n\n\n<p>Wenn Sie nicht m\u00f6chten, dass Facebook \u00fcber diese Website Daten \u00fcber Sie sammelt, m\u00fcssen Sie sich vor Ihrem Besuch dieser Website bei Facebook ausloggen.<\/p>\n\n\n\n<p><strong>Verwendung von Google+ Social Plugins<br><\/strong>Die Website verwendet <a href=\"https:\/\/e-commerceagentur.ch\/social-media-marketing\/\" data-type=\"URL\" data-id=\"https:\/\/e-commerceagentur.ch\/social-media-marketing\/\" target=\"_blank\" rel=\"noreferrer noopener\">Social Plugins<\/a> (\u201cPlugins\u201d) des sozialen Netzwerkes Google Plus (\u201c+1\u2033-Schaltfl\u00e4che), welches von der Google Inc., 1600 Amphitheatre Parkway, Mountain View, CA 94043, United States betrieben wird (\u201cGoogle\u201d). Der Button ist an dem Zeichen \u201c+1\u2033 auf weissem oder farbigen Hintergrund erkennbar.<\/p>\n\n\n\n<p>Wenn eine Seite dieser Website aufgerufen wird, die ein solches Plugin enth\u00e4lt, baut Ihr Browser eine direkte Verbindung mit den Servern von Google auf. Der Inhalt des Plugins (+1-Schaltfl\u00e4che) wird von Google direkt an Ihren Browser \u00fcbermittelt und von diesem in die Website eingebunden. Wir haben daher keinen Einfluss auf den Umfang der Daten, die Google mit der Schaltfl\u00e4che erhebt. Laut Google werden ohne einen Klick auf die Schaltfl\u00e4che keine personenbezogenen Daten erhoben. Nur bei eingeloggten Mitgliedern, werden solche Daten, unter anderem die IP-Adresse, erhoben und verarbeitet.<\/p>\n\n\n\n<p>Zweck und Umfang der Datenerhebung und die weitere Verarbeitung und Nutzung der Daten durch Google sowie Ihre diesbez\u00fcglichen Rechte und Einstellungsm\u00f6glichkeiten zum Schutz Ihrer Privatsph\u00e4re entnehmen Sie bitte&nbsp;<a href=\"http:\/\/www.google.com\/intl\/de\/+\/policy\/+1button.html\">Googles Datenschutzhinweisen zu der \u201c+1\u2033-Schaltfl\u00e4che<\/a>.<\/p>\n\n\n\n<p>Wenn Sie nicht m\u00f6chten, dass Google \u00fcber diese Website Daten \u00fcber Sie sammelt, und mit Ihren bei Google gespeicherten Mitgliedsdaten verkn\u00fcpft, m\u00fcssen Sie sich vor Ihrem Besuch dieser Website bei Google Plus ausloggen.<\/p>\n\n\n\n<p><strong>\u00c4nderungen dieser Datenschutzerkl\u00e4rung<br><\/strong>\u00c4nderungen dieser Datenschutzerkl\u00e4rung k\u00f6nnen jederzeit erfolgen. Bitte konsultieren Sie regelm\u00e4ssig diese Erkl\u00e4rung.<\/p>\n\n\n\n<p><strong>Rechtsgrundlage<br><\/strong>Das&nbsp;<a href=\"http:\/\/www.admin.ch\/opc\/de\/classified-compilation\/19920153\/index.html\">Bundesgesetz \u00fcber den Datenschutz (DSG)<\/a>&nbsp;bildet die Grundlage dieser Datenschutzerkl\u00e4rung.<\/p>\n\n\n\n<p>Stand: 09.10.14<\/p>\n","protected":false},"excerpt":{"rendered":"<p>Domaininhaber&nbsp;www.sternenklar.ch &amp; www.skks.ch Verein&nbsp;Sternenklar9215 Sch\u00f6nenberg an der Thur Redaktion der Inhalte &amp; Herausgeber: Verein Sternenklar9215 Sch\u00f6nenberg an der Thur Webshop war fr\u00fcher unter&nbsp;https:\/\/sternenklar.ch\/ web&#8211;shop\/ Technische Umsetzung &amp; Sponsoring&nbsp;Webshop&nbsp;sowie&nbsp;SEO Suchmaschinenoptimierung im Thurgau Webhosting Schweiz QDATA GmbHSchweizer E Commerce Agentur &amp; Hosting Provider Schweiz9215 Sch\u00f6nenberg an der Thur www.QData.swiss Sponsoring Website \/ Realisation:&nbsp;QDATA&nbsp;Marketing Agentur&nbsp;&amp;&nbsp;Internetagentur&nbsp;\u2013 www.qdatagmbh.ch Schweizer Webhosting [&hellip;]<\/p>\n","protected":false},"author":1,"featured_media":0,"parent":29,"menu_order":0,"comment_status":"closed","ping_status":"closed","template":"","meta":{"footnotes":""},"class_list":["post-42","page","type-page","status-publish","hentry","post","no-featured-image"],"_links":{"self":[{"href":"https:\/\/skks.ch\/sternenklar\/wp-json\/wp\/v2\/pages\/42","targetHints":{"allow":["GET"]}}],"collection":[{"href":"https:\/\/skks.ch\/sternenklar\/wp-json\/wp\/v2\/pages"}],"about":[{"href":"https:\/\/skks.ch\/sternenklar\/wp-json\/wp\/v2\/types\/page"}],"author":[{"embeddable":true,"href":"https:\/\/skks.ch\/sternenklar\/wp-json\/wp\/v2\/users\/1"}],"replies":[{"embeddable":true,"href":"https:\/\/skks.ch\/sternenklar\/wp-json\/wp\/v2\/comments?post=42"}],"version-history":[{"count":14,"href":"https:\/\/skks.ch\/sternenklar\/wp-json\/wp\/v2\/pages\/42\/revisions"}],"predecessor-version":[{"id":247,"href":"https:\/\/skks.ch\/sternenklar\/wp-json\/wp\/v2\/pages\/42\/revisions\/247"}],"up":[{"embeddable":true,"href":"https:\/\/skks.ch\/sternenklar\/wp-json\/wp\/v2\/pages\/29"}],"wp:attachment":[{"href":"https:\/\/skks.ch\/sternenklar\/wp-json\/wp\/v2\/media?parent=42"}],"curies":[{"name":"wp","href":"https:\/\/api.w.org\/{rel}","templated":true}]}}